ber?
False
Is 22613 a prime number?
True
Is 3973 a composite number?
True
Is 1709 a prime number?
True
Is 51971 prime?
True
Is 125017 prime?
True
Is 3991 a composite number?
True
Is 104821 composite?
True
Is 11545 composite?
True
Is 191 prime?
True
Is 795293 prime?
False
Is 44153 composite?
True
Is 127 a prime number?
True
Is 3351331 composite?
False
Is 68339 composite?
True
Is 86069 composite?
False
Is 44291 composite?
True
Is 49631 prime?
False
Is 16999 a prime number?
False
Is 143947 composite?
False
Is 7867 prime?
True
Is 3793 prime?
True
Is 2146663 composite?
False
Is 590703 a prime number?
False
Is 11821 composite?
False
Is 73559 composite?
True
Is 297983 prime?
False
Is 887 a prime number?
True
Is 22411 prime?
False
Is 11255 a prime number?
False
Is 308779 prime?
False
Is 2549945 a prime number?
False
Is 929939 prime?
False
Is 144659 a prime number?
True
Is 94531 composite?
False
Is 338609 composite?
False
Is 1018411 composite?
False
Is 1937794 a composite number?
True
Is 26419 prime?
False
Is 60391 prime?
False
Is 814405 composite?
True
Is 572087 a composite number?
False
Is 117319 a composite number?
False
Is 14923 a composite number?
False
Is 384449 a prime number?
False
Is 871105 composite?
True
Is 2761 prime?
False
Is 34057 a composite number?
False
Is 57867 composite?
True
Is 125813 prime?
True
Is 371615 a prime number?
False
Is 2528899 prime?
True
Is 701 composite?
False
Is 278531 composite?
True
Is 145937 a composite number?
True
Is 83621 prime?
True
Is 10189 prime?
False
Is 78197 a composite number?
True
Is 1921307 prime?
True
Is 22853 a composite number?
False
Is 4177 a prime number?
True
Is 23687 a prime number?
True
Is 6637 prime?
True
Is 574401 a prime number?
False
Is 29803 composite?
False
Is 91 composite?
True
Is 103141 a prime number?
True
Is 1217 composite?
False
Is 47735 a composite number?
True
Is 127073 composite?
True
Is 11017 a composite number?
True
Is 57623 prime?
False
Is 652447 a prime number?
True
Is 292549 a composite number?
False
Is 4169 composite?
True
Is 7357 a prime number?
False
Is 2753945 composite?
True
Is 9029 a prime number?
True
Is 2229239 prime?
True
Is 11359 composite?
True
Is 16309 a composite number?
True
Is 1273369 a prime number?
False
Is 30491 prime?
True
Is 23117 a prime number?
True
Is 220795 prime?
False
Is 185 a prime number?
False
Is 374029 prime?
True
Is 18019 a prime number?
False
Is 13261 prime?
False
Is 691 a prime number?
True
Is 15961 prime?
False
Is 1003879 a prime number?
True
Is 21787 a prime number?
True
Is 5227 prime?
True
Is 48709 a composite number?
True
Is 12605 a prime number?
False
Is 10021 a composite number?
True
Is 87499 a prime number?
False
Is 7901 a composite number?
False
Is 3491 a prime number?
True
Is 39089 composite?
False
Is 14519 composite?
False
Is 26993 composite?
False
Is 544483 prime?
False
Is 3891 a composite number?
True
Is 363503 composite?
True
Is 917 prime?
False
Is 1414001 prime?
True
Is 278741 a prime number?
True
Is 1800871 composite?
True
Is 115963 prime?
True
Is 4177 a composite number?
False
Is 127579 a composite number?
False
Is 139467 prime?
False
Is 320227 prime?
False
Is 4007 a composite number?
False
Is 907615 a composite number?
True
Is 2119 a composite number?
True
Is 518459 composite?
True
Is 8779 a composite number?
False
Is 2357 a prime number?
True
Is 18622 a composite number?
True
Is 75011 a prime number?
True
Is 4283 composite?
False
Is 181813 prime?
True
Is 30529 a composite number?
False
Is 23687 prime?
True
Is 368399 prime?
True
Is 1127479 prime?
False
Is 25409 a prime number?
True
Is 2249 composite?
True
Is 53113 a prime number?
True
Is 124649 composite?
True
Is 49163 prime?
False
Is 868085 a composite number?
True
Is 4909 a prime number?
True
Is 75503 prime?
True
Is 265703 a prime number?
True
Is 1060223 composite?
False
Is 319313 composite?
False
Is 737 composite?
True
Is 234239 a prime number?
True
Is 9553 prime?
False
Is 80267 composite?
True
Is 34499 a composite number?
False
Is 18937 a composite number?
True
Is 2129 a composite number?
False
Is 2411 composite?
False
Is 428971 a prime number?
False
Is 1710113 a composite number?
True
Is 105449 prime?
True
Is 1273 a prime number?
False
Is 1551713 a composite number?
True
Is 6037 composite?
False
Is 478307 a prime number?
False
Is 3139 prime?
False
Is 306287 composite?
True
Is 168757 composite?
True
Is 176641 a composite number?
False
Is 1115 composite?
True
Is 84259 a composite number?
True
Is 143571 prime?
False
Is 1524787 a prime number?
False
Is 20101 a prime number?
True
Is 2063 a prime number?
True
Is 10099 a prime number?
True
Is 1459443 a prime number?
False
Is 588813 prime?
False
Is 30181 a composite number?
False
Is 14251 prime?
True
Is 357767 a prime number?
True
Is 930749 prime?
True
Is 1597 a prime number?
True
Is 2122487 a prime number?
False
Is 4075615 composite?
True
Is 73109 composite?
True
Is 20563 composite?
False
Is 685199 a composite number?
False
Is 5245 a composite number?
True
Is 6913 composite?
True
Is 10117 composite?
True
Is 1601563 a composite number?
False
Is 13441 composite?
False
Is 3180251 a prime number?
True
Is 8033 a prime number?
False
Is 36035 composite?
True
Is 16333 prime?
True
Is 22853 a composite number?
False
Is 81273 a prime number?
False
Is 5501 a composite number?
False
Is 506435 a composite number?
True
Is 51109 a prime number?
True
Is 3833 composite?
False
Is 351677 prime?
False
Is 105097 a prime number?
True
Is 58267 a prime number?
False
Is 208451 prime?
False
Is 19001 a composite number?
False
Is 50411 prime?
True
Is 14041 composite?
True
Is 13259 composite?
False
Is 147007 prime?
False
Is 72869 prime?
True
Is 53393 prime?
False
Is 1207 a composite number?
True
Is 133769 a composite number?
False
Is 42799 composite?
True
Is 192373 composite?
False
Is 146203 a composite number?
False
Is 6093467 composite?
False
Is 5833 a prime number?
False
Is 194861 a composite number?
False
Is 14173 a prime number?
True
Is 149827 composite?
False
Is 10007 a prime number?
True
Is 413419 prime?
False
Is 38983 a composite number?
True
Is 8623 a composite number?
False
Is 43339 a prime number?
False
Is 190273 composite?
True
Is 819415 a prime number?
False
Is 271 a prime number?
True
Is 2053 a prime number?
True
Is 104693 prime?
True
Is 601541 a prime number?
True
Is 167123 a composite number?
True
Is 41215 a prime number?
False
Is 15817 composite?
False
Is 5317 prime?
False
Is 72859 a prime number?
True
Is 359 a prime number?
True
Is 92333 a composite number?
False
Is 12011 prime?
True
Is 4531 a prime number?
False
Is 20245 prime?
False
Is 10261513 a prime number?
True
Is 12637 a composite number?
False
Is 126419 prime?
False
Is 325613 a composite number?
True
Is 903493 composite?
False
Is 207803 a prime number?
False
Is 16729 a prime number?
True
Is 1099 a composite number?
True
Is 8069 a prime number?
True
Is 69763 composite?
False
Is 302371 prime?
False
Is 2519873 a prime number?
True
Is 334931 a prime number?
True
Is 423511 a composite number?
True
Is 84629 prime?
True
Is 12661 composite?
True
Is 3848909 composite?
True
Is 613289 a prime number?
True
Is 3821 composite?
False
Is 5135809 a composite number?
True
Is 628127 prime?
True
Is 537703 prime?
True
Is 64063 a prime number?
True
Is 4049 composite?
False
Is 22141 a prime number?
False
Is 14401 composite?
False
Is 119005 composite?
True
Is 56081 composite?
False
Is 1149 a composite number?
True
Is 57169 prime?
False
Is 117947 a prime number?
False
Is 80059 composite?
True
Is 75323 prime?
True
Is 377605 a composite number?
True
Is 42077 prime?
False
Is 709097 a composite number?
False
Is 55849 prime?
True
Is 28387 a composite number?
False
Is 57917 prime?
True
Is 63287 a prime number?
False
Is 17399 a prime number?
False
Is 352349 a composite number?
False
Is 44483 composite?
False
Is 520471 prime?
False
Is 4649 composite?
False
Is 7295 a prime number?
False
Is 27239 composite?
False
Is 987251 a prime number?
True
Is 5057 prime?
False
Is 58983 prime?
False
Is 252897 a composite number?
True
Is 305147 prime?
True
Is 18143 composite?
False
Is 44582 composite?
True
Is 21587 a composite number?
False
Is 52529 a composite number?
False
Is 443461 composite?
True
Is 6557 a composite number?